{"id":114,"date":"2020-08-27T15:28:19","date_gmt":"2020-08-27T18:28:19","guid":{"rendered":"https:\/\/projetos.feevale.br\/logicando\/index.php\/mesmerize\/"},"modified":"2024-11-27T15:44:31","modified_gmt":"2024-11-27T18:44:31","slug":"mesmerize","status":"publish","type":"page","link":"https:\/\/projetos.feevale.br\/logicando\/","title":{"rendered":"P\u00c1GINA INICIAL"},"content":{"rendered":"<div  id=\"overlappable-4\" style=\"background-color: #ffffff;\" data-label=\"Overlappable\" data-id=\"overlappable-4\" data-export-id=\"overlappable-4\" data-category=\"overlappable\" class=\"overlappable-4 content-section content-section-spacing\" data-overlap=\"true\"><div  class=\"gridContainer\"> <div  data-type=\"row\" class=\"row spaced-cols text-center\"><div  class=\"col-xs-12 col-sm-4 col-padding\"> <i  class=\"fa icon shadow-large-black aligncenter color1 fa-pencil reverse round large\"><\/i> <div  data-type=\"column\" class=\"\"> <h5  class=\"\">EDUCACIONAL<\/h5> <p  class=\"\">Ensinando ferramentas de TI \u00e0 comunidade escolar para que possam construir e utilizar a tecnologia como ferramenta de ensino e aprendizagem.<\/p><\/div> <\/div> <div  class=\"col-xs-12 col-sm-4 col-padding\"> <i  class=\"fa icon shadow-large-black aligncenter color1 fa-desktop reverse round large\"><\/i> <div  data-type=\"column\" class=\"\"><h5  class=\"\">PROFISSIONAL<\/h5> <p  class=\"\">Utilizando ferramentas de l\u00f3gica de programa\u00e7\u00e3o para o ensino e desenvolvimento de software para o uso profissional.<\/p><\/div> <\/div> <div  class=\"col-xs-12 col-sm-4 col-padding\"> <i  class=\"fa icon shadow-large-black aligncenter color1 fa-book reverse round large\"><\/i> <div  data-type=\"column\" class=\"\"><h5  class=\"\">SOCIAL<\/h5> <p  class=\"\">Desenvolvendo atividades com crian\u00e7as, adultos e idosos que necessitam conhecer um pouco mais sobre a TI e a computa\u00e7\u00e3o.<\/p><\/div> <\/div><\/div> <\/div><\/div><div  id=\"about-1\" style=\"background-color: #f5fafd;\" data-label=\"About\" data-id=\"about-1\" data-export-id=\"about-1\" data-category=\"about\" class=\"about-1 content-section\"><div  class=\"gridContainer\"> <div  class=\"row text-center\"><div  class=\"section-title-col\" data-type=\"column\"> <h5  class=\"\">PROJETO DE EXTENS\u00c3O<\/h5> <h2  class=\"\">LOGICANDO<\/h2> <p  class=\"lead\">Nossa miss\u00e3o \u00e9 ensinar e tornar a computa\u00e7\u00e3o e a TI mais f\u00e1cil e clara a todos, para que possa ser utilizada da melhor forma.<\/p><\/div> <\/div> <div  class=\"row\"> <div  class=\"button-holder space-bottom space-bottom-small\" data-type=\"column\"> <\/div> <div  class=\"col-xs bottom-xs flexbox image-group-bottom-3-img space-bottom-xs center-xs\"> <a data-cp-link=\"1\" href=\"https:\/\/projetos.feevale.br\/logicando\/index.php\/2021\/08\/25\/oficinas-2021-01\" class=\"left-img-anchor\" target=\"_blank\" rel=\"noopener noreferrer\"><img  class=\"left-img shadow-large-black\" data-size=\"500x300\" src=\"https:\/\/projetos.feevale.br\/logicando\/wp-content\/uploads\/2020\/11\/cropped-algoritmos-280319-1-scaled.jpg\" alt=\"\" title=\"desastres ambientais 2018\"><\/a> <a data-cp-link=\"1\" href=\"https:\/\/projetos.feevale.br\/logicando\/index.php\/2021\/08\/25\/oficinas-2021-01\" class=\"center-img-anchor\" target=\"_blank\" rel=\"noopener noreferrer\"><img  class=\"center-img shadow-large-black\" data-size=\"500x300\" src=\"https:\/\/projetos.feevale.br\/logicando\/wp-content\/uploads\/2021\/07\/cropped-Oficina-Code.org_-2.png\" alt=\"\" title=\"Qual o elemento?\"><\/a> <a data-cp-link=\"1\" href=\"https:\/\/projetos.feevale.br\/logicando\/index.php\/2020\/08\/24\/atividades-do-projeto\" class=\"right-img-anchor\" target=\"_self\" rel=\"noopener noreferrer\"><img  class=\"right-img shadow-large-black\" data-size=\"500x300\" src=\"https:\/\/projetos.feevale.br\/logicando\/wp-content\/uploads\/2020\/08\/DSC0263-2.jpg\" alt=\"\" title=\"Qual o elemento?\"><\/a><\/div> <\/div><\/div> <\/div><div  id=\"features-3\" style=\"background-color: rgb(245, 250, 253); background-image: none;\" data-label=\"Features\" data-id=\"features-12-card-bordered\" data-export-id=\"features-12-card-bordered\" data-category=\"features\" class=\"features-12-card-bordered content-section content-section-spacing \"><div  class=\"gridContainer\"> <div  class=\"row text-center\"><div  class=\"section-title-col\" data-type=\"column\"><p  class=\"lead\">O projeto teve in\u00edcio em 2016 e desde ent\u00e3o j\u00e1 atendeu diversas institui\u00e7\u00f5es e acolheu mais de 770 alunos nas oficinas.<\/p>  <\/div> <\/div> <div  class=\"row spaced-cols\" data-type=\"row\"> <div  class=\"col-sm-6\"> <div  class=\"card row-card bordered y-move\"> <div  class=\"row\"> <div  class=\"col-sm-fit icon-column\"> <i  class=\"fa icon color2 fa-calculator bordered round\"><\/i> <\/div> <div  class=\"col-sm\" data-type=\"column\"><p  class=\"lead\">Conhe\u00e7a algumas das nossas atividades.<\/p>  <a class=\"button blue\" href=\"https:\/\/projetos.feevale.br\/logicando\/index.php\/2020\/08\/24\/atividades-do-projeto\" target=\"_blank\" data-cp-link=\"1\" rel=\"noopener noreferrer\">ATIVIDADES<\/a><\/div> <\/div><\/div> <\/div>   <div  class=\"col-sm-6\"> <div  class=\"card row-card bordered y-move\"> <div  class=\"row\"> <div  class=\"col-sm-fit icon-column\"> <i  class=\"fa icon color2 fa-list bordered round\"><\/i> <\/div> <div  class=\"col-sm\" data-type=\"column\"><p  class=\"lead\">Conhe\u00e7a um pouco mais sobre o projeto.<\/p>  <a class=\"button blue\" href=\"https:\/\/projetos.feevale.br\/logicando\/index.php\/2020\/08\/15\/conheca-o-projeto-logicando\" target=\"_blank\" data-cp-link=\"1\" rel=\"noopener noreferrer\">PROJETO<\/a><\/div> <\/div><\/div> <\/div><\/div> <\/div><\/div><div  data-label=\"Content\" data-id=\"content--1\" data-export-id=\"content-12\" data-category=\"content\" class=\"content-12 content-section content-section-spacing\" id=\"content-1\" style=\"background-color: rgb(255, 255, 255);\"><div  class=\"gridContainer\"> <div  class=\"row text-center\"><div  class=\"section-title-col\" data-type=\"column\"> <h2  class=\"\">Oficinas realizadas em 2021\/01<\/h2> <p  class=\"lead\">O projeto Logicando realizou oficinas para professores da Secretaria Municipal de Educa\u00e7\u00e3o de S\u00e3o Leopoldo no primeiro semestre de 2021.<\/p><\/div> <\/div> <div  class=\"row center-xs middle-xs\"> <div  class=\"col-sm-9\" data-type=\"column\"> <img  class=\"shadow-large\" src=\"https:\/\/projetos.feevale.br\/logicando\/wp-content\/uploads\/2021\/07\/cropped-cropped-Oficina-Code.org_-2.png\" title=\"cropped-cropped-Oficina-Code.org_-2.png\" alt=\"\"><a class=\"button blue\" href=\"https:\/\/projetos.feevale.br\/logicando\/index.php\/2021\/08\/25\/oficinas-2021-01\" target=\"_blank\" data-cp-link=\"1\" rel=\"noopener\">LEIA MAIS<\/a><\/div> <\/div><\/div> <\/div><div  data-label=\"cursos e oficinas\" data-id=\"about--2\" data-export-id=\"about-10\" data-category=\"about\" class=\"about-10 content-section content-section-spacing\" id=\"cursos-e-oficinas\" style=\"background-color: rgb(245, 250, 253); background-image: none;\"><div  class=\"gridContainer\"> <div  class=\"row middle-sm text-center\"><div  class=\"col-sm-5 space-bottom-xs content-column\" data-type=\"column\"> <h5  class=\"\">CURSOS E OFICINAS<\/h5> <h2  class=\"\">\nConhe\u00e7a os cursos e as oficinas<span  style=\"font-family: Playfair Display,sans-serif; font-weight: 700; font-style: italic;\" href=\"#\"><\/span> do projeto Logicando<\/h2> <p  class=\"\">Presenciais ou online, as oficinas e os cursos do projeto Logicando continuam acontecendo! Conhe\u00e7a um pouco mais, quais as plataformas s\u00e3o trabalhadas e como ocorrem.<\/p> <a class=\"button color1\" href=\"https:\/\/projetos.feevale.br\/logicando\/index.php\/cursos-e-oficinas\" target=\"_blank\" data-cp-link=\"1\" rel=\"noopener\">SAIBA MAIS<\/a><\/div> <div  class=\"col-sm-7 flexbox middle-xs center-xs space-bottom-xs\"><div  class=\"overlay-box middle-xs center-xs flexbox\"> <div  class=\"overlay-box-offset shadow-medium border-color1 hide-xs offset-border\"><\/div> <img  class=\"shadow-large\" data-size=\"485x705\" src=\"https:\/\/projetos.feevale.br\/logicando\/wp-content\/uploads\/2021\/03\/cropped-WhatsApp-Image-2020-08-03-at-14.01.01-1.jpeg\" title=\"cropped-WhatsApp-Image-2020-08-03-at-14.01.01-1.jpeg\" alt=\"\"><\/div> <\/div><\/div> <\/div><\/div><div  data-label=\"Colaboradores Atuais\" data-id=\"team--1\" data-export-id=\"team-5\" data-category=\"team\" class=\"team-5 content-section content-section-spacing\" id=\"colaboradores-atuais-1\" style=\"background-color: rgb(255, 255, 255); background-image: none;\"><div  class=\"gridContainer\"> <div  class=\"row text-center\"><div  class=\"section-title-col\" data-type=\"column\"> <h2  class=\"\">Colaboradores Atuais<\/h2> <\/div> <\/div> <div  class=\"row spaced-cols center-sm content-center-sm\" data-type=\"row\">       <div  class=\"col-xs-12 col-sm-6 col-padding col-md-3 \"> <div  class=\"row \"> <div  data-type=\"column\" class=\"col-xs-12 col-sm-12\"> <img  class=\"round face\" src=\"https:\/\/projetos.feevale.br\/logicando\/wp-content\/uploads\/2024\/11\/debora-barbosa.jpg\" alt=\"\" title=\"debora-barbosa\"> <h4  class=\"font-500\">Prof\u00aa D\u00e9bora Nice Ferrari Barbosa<\/h4> <p  class=\"italic\">Dra. em Ci\u00eancia da Computa\u00e7\u00e3o<\/p>  <div  class=\"social-icons-group\" data-type=\"group\"> <a href=\"#\" target=\"_self\" data-reiki-hidden=\"true\" rel=\"noopener noreferrer\"><i  class=\"gray fa icon fa-facebook-square\"><\/i><\/a> <a href=\"#\" target=\"_self\" data-reiki-hidden=\"true\" rel=\"noopener noreferrer\"><i  class=\"gray fa icon fa-twitter-square\"><\/i><\/a> <a href=\"#\" target=\"_self\" data-reiki-hidden=\"true\" rel=\"noopener noreferrer\"><i  class=\"gray fa icon fa-linkedin-square\"><\/i><\/a> <a href=\"#\" target=\"_self\" data-reiki-hidden=\"true\" rel=\"noopener noreferrer\"><i  class=\"gray fa icon fa-google-plus-square\"><\/i><\/a><\/div> <\/div><\/div> <\/div><div  class=\"col-xs-12 col-sm-6 col-padding col-md-3 \"> <div  class=\"row \"> <div  data-type=\"column\" class=\"col-xs-12 col-sm-12\"> <img  class=\"round face\" src=\"https:\/\/projetos.feevale.br\/logicando\/wp-content\/uploads\/2024\/11\/51bf49f6-2c40-4b23-8edc-8e56cd6ceacc-1.jpeg\" alt=\"\" title=\"51bf49f6-2c40-4b23-8edc-8e56cd6ceacc (1)\"> <h4  class=\"font-500\">Bolsista Gustavo Bulegon<\/h4> <p  class=\"italic\">Acad\u00eamico em Sistemas de Informa\u00e7\u00e3o<\/p>  <div  class=\"social-icons-group\" data-type=\"group\"> <a href=\"#\" target=\"_self\" data-reiki-hidden=\"true\" rel=\"noopener noreferrer\"><i  class=\"gray fa icon fa-facebook-square\"><\/i><\/a> <a href=\"#\" target=\"_self\" data-reiki-hidden=\"true\" rel=\"noopener noreferrer\"><i  class=\"gray fa icon fa-twitter-square\"><\/i><\/a> <a href=\"#\" target=\"_self\" data-reiki-hidden=\"true\" rel=\"noopener noreferrer\"><i  class=\"gray fa icon fa-linkedin-square\"><\/i><\/a> <a href=\"#\" target=\"_self\" data-reiki-hidden=\"true\" rel=\"noopener noreferrer\"><i  class=\"gray fa icon fa-google-plus-square\"><\/i><\/a><\/div> <\/div><\/div> <\/div><div  class=\"col-xs-12 col-sm-6 col-padding col-md-3 \"> <div  class=\"row \"> <div  data-type=\"column\" class=\"col-xs-12 col-sm-12\"> <img  class=\"round face\" src=\"https:\/\/projetos.feevale.br\/logicando\/wp-content\/uploads\/2020\/09\/prof-juliano.jpg\" alt=\"\" title=\"prof juliano\"> <h4  class=\"font-500\">Prof\u00aa Juliano Varella de Carvalho<\/h4> <p  class=\"italic\">Dr. em Ci\u00eancia da Computa\u00e7\u00e3o<\/p>  <div  class=\"social-icons-group\" data-type=\"group\"> <a href=\"#\" target=\"_self\" data-reiki-hidden=\"true\" rel=\"noopener noreferrer\"><i  class=\"gray fa icon fa-facebook-square\"><\/i><\/a> <a href=\"#\" target=\"_self\" data-reiki-hidden=\"true\" rel=\"noopener noreferrer\"><i  class=\"gray fa icon fa-twitter-square\"><\/i><\/a> <a href=\"#\" target=\"_self\" data-reiki-hidden=\"true\" rel=\"noopener noreferrer\"><i  class=\"gray fa icon fa-linkedin-square\"><\/i><\/a> <a href=\"#\" target=\"_self\" data-reiki-hidden=\"true\" rel=\"noopener noreferrer\"><i  class=\"gray fa icon fa-google-plus-square\"><\/i><\/a><\/div> <\/div><\/div> <\/div><div  class=\"col-xs-12 col-sm-6 col-padding col-md-3 \"> <div  class=\"row \"> <div  data-type=\"column\" class=\"col-xs-12 col-sm-12\"> <img  class=\"round face\" src=\"https:\/\/projetos.feevale.br\/logicando\/wp-content\/uploads\/2024\/11\/WhatsApp-Image-2024-11-27-at-12.29.40-scaled.jpeg\" alt=\"Luisa Hugendobler\" title=\"WhatsApp Image 2024-11-27 at 12.29.40\"> <h4  class=\"font-500\">Bolsista Luisa Hugendobler<\/h4> <p  class=\"italic\">Acad\u00eamica em Sistemas de Informa\u00e7\u00e3o<\/p>  <div  class=\"social-icons-group\" data-type=\"group\"> <a href=\"#\" target=\"_self\" data-reiki-hidden=\"true\" rel=\"noopener noreferrer\"><i  class=\"gray fa icon fa-facebook-square\"><\/i><\/a> <a href=\"#\" target=\"_self\" data-reiki-hidden=\"true\" rel=\"noopener noreferrer\"><i  class=\"gray fa icon fa-twitter-square\"><\/i><\/a> <a href=\"#\" target=\"_self\" data-reiki-hidden=\"true\" rel=\"noopener noreferrer\"><i  class=\"gray fa icon fa-linkedin-square\"><\/i><\/a> <a href=\"#\" target=\"_self\" data-reiki-hidden=\"true\" rel=\"noopener noreferrer\"><i  class=\"gray fa icon fa-google-plus-square\"><\/i><\/a><\/div> <\/div><\/div> <\/div> <div  class=\"col-xs-12 col-sm-6 col-padding col-md-3 \"> <div  class=\"row \"> <div  data-type=\"column\" class=\"col-xs-12 col-sm-12\"> <img  class=\"round face\" src=\"https:\/\/projetos.feevale.br\/logicando\/wp-content\/uploads\/2024\/11\/foto-2023-pequena.jpg\" alt=\"\" title=\"foto-2023-pequena\"> <h4  class=\"font-500\">Prof\u00aa Rodrigo Rafael Villarreal Goulart<\/h4> <p  class=\"italic\">Dr. em Ci\u00eancia da Computa\u00e7\u00e3o<\/p>  <div  class=\"social-icons-group\" data-type=\"group\"> <a href=\"#\" target=\"_self\" data-reiki-hidden=\"true\" rel=\"noopener noreferrer\"><i  class=\"gray fa icon fa-facebook-square\"><\/i><\/a> <a href=\"#\" target=\"_self\" data-reiki-hidden=\"true\" rel=\"noopener noreferrer\"><i  class=\"gray fa icon fa-twitter-square\"><\/i><\/a> <a href=\"#\" target=\"_self\" data-reiki-hidden=\"true\" rel=\"noopener noreferrer\"><i  class=\"gray fa icon fa-linkedin-square\"><\/i><\/a> <a href=\"#\" target=\"_self\" data-reiki-hidden=\"true\" rel=\"noopener noreferrer\"><i  class=\"gray fa icon fa-google-plus-square\"><\/i><\/a><\/div> <\/div><\/div> <\/div><div  class=\"col-xs-12 col-sm-6 col-padding col-md-3 \"> <div  class=\"row \"> <div  data-type=\"column\" class=\"col-xs-12 col-sm-12\"> <img  class=\"round face\" src=\"https:\/\/projetos.feevale.br\/logicando\/wp-content\/uploads\/2024\/11\/foto2024.jpg\" alt=\"\" title=\"foto2024\"> <h4  class=\"font-500\">Prof\u00aa Sandra Teresinha Miorelli<\/h4> <p  class=\"italic\">Me. em Ci\u00eancia da Computa\u00e7\u00e3o<\/p>  <div  class=\"social-icons-group\" data-type=\"group\"> <a href=\"#\" target=\"_self\" data-reiki-hidden=\"true\" rel=\"noopener noreferrer\"><i  class=\"gray fa icon fa-facebook-square\"><\/i><\/a> <a href=\"#\" target=\"_self\" data-reiki-hidden=\"true\" rel=\"noopener noreferrer\"><i  class=\"gray fa icon fa-twitter-square\"><\/i><\/a> <a href=\"#\" target=\"_self\" data-reiki-hidden=\"true\" rel=\"noopener noreferrer\"><i  class=\"gray fa icon fa-linkedin-square\"><\/i><\/a> <a href=\"#\" target=\"_self\" data-reiki-hidden=\"true\" rel=\"noopener noreferrer\"><i  class=\"gray fa icon fa-google-plus-square\"><\/i><\/a><\/div> <\/div><\/div> <\/div><div  class=\"col-xs-12 col-sm-6 col-padding col-md-3 \"> <div  class=\"row \"> <div  data-type=\"column\" class=\"col-xs-12 col-sm-12\"> <img  class=\"round face\" src=\"https:\/\/projetos.feevale.br\/logicando\/wp-content\/uploads\/2024\/11\/Vandersilvio.jpg\" alt=\"\" title=\"Vandersilvio\"> <h4  class=\"font-500\">Prof\u00aa Vandersilvio da Silva<\/h4> <p  class=\"italic\">Me. em Ci\u00eancia da Computa\u00e7\u00e3o<\/p>  <div  class=\"social-icons-group\" data-type=\"group\"> <a href=\"#\" target=\"_self\" data-reiki-hidden=\"true\" rel=\"noopener noreferrer\"><i  class=\"gray fa icon fa-facebook-square\"><\/i><\/a> <a href=\"#\" target=\"_self\" data-reiki-hidden=\"true\" rel=\"noopener noreferrer\"><i  class=\"gray fa icon fa-twitter-square\"><\/i><\/a> <a href=\"#\" target=\"_self\" data-reiki-hidden=\"true\" rel=\"noopener noreferrer\"><i  class=\"gray fa icon fa-linkedin-square\"><\/i><\/a> <a href=\"#\" target=\"_self\" data-reiki-hidden=\"true\" rel=\"noopener noreferrer\"><i  class=\"gray fa icon fa-google-plus-square\"><\/i><\/a><\/div> <\/div><\/div> <\/div><\/div> <\/div><\/div><div  data-label=\"Ex Colaboradores\" data-id=\"testimonials--1\" data-export-id=\"testimonials-1\" data-category=\"testimonials\" class=\"testimonials-1 content-section content-section-spacing\" id=\"ex-colaboradores\" style=\"background-color: rgb(255, 255, 255);\"><div  class=\"gridContainer\"> <div  class=\"row\"><div  data-type=\"column\" class=\"section-title-col\"> <h2  class=\"\">Ex Colaboradores<\/h2> <\/div> <\/div> <div  class=\"row spaced-cols content-center-sm\" data-type=\"row\"> <div  class=\"col-xs-12 col-sm-6 col-md-4\">   <img  src=\"https:\/\/projetos.feevale.br\/logicando\/wp-content\/uploads\/2021\/10\/barbara-enderle.jpg\" class=\"round icon\" title=\"barbara enderle\" alt=\"\"> <h5  class=\"\">B\u00e1rbara EnderleB\u00e1rbara Enderle<\/h5> <p  class=\"small\" style=\"font-style: italic;\">Acad\u00eamica em Publicidade e PropagandaAcad\u00eamica em Publicidade e Propaganda<\/p><\/div>   <div  class=\"col-xs-12 col-sm-6 col-md-4\">   <img  src=\"https:\/\/projetos.feevale.br\/logicando\/wp-content\/uploads\/2021\/07\/cropped-cristieli.jpg\" class=\"round icon\" title=\"cropped-cristieli.jpg\" alt=\"\"> <h5  class=\"\">Cristiele da Rosa<\/h5> <p  class=\"small\" style=\"font-style: italic;\">Acad\u00eamica em Sistemas de Informa\u00e7\u00e3o<\/p><\/div><div  class=\"col-xs-12 col-sm-6 col-md-4\">   <img  src=\"https:\/\/projetos.feevale.br\/logicando\/wp-content\/uploads\/2021\/07\/cropped-cropped-IMG_20210709_144606879-scaled-1-1.jpg\" class=\"round icon\" title=\"cropped-cropped-IMG_20210709_144606879-scaled-1-1.jpg\" alt=\"\"> <h5  class=\"\">Victoria Lauterbach<\/h5> <p  class=\"small\" style=\"font-style: italic;\">Acad\u00eamica em Produ\u00e7\u00e3o Audiovisual<\/p><\/div><\/div><\/div> <\/div><div  data-label=\"About\" data-id=\"about--1\" data-export-id=\"about-9\" data-category=\"about\" class=\"about-9 content-section content-section-spacing\" id=\"about-2\" style=\"background-color: rgb(245, 250, 253); background-image: none;\"><div  class=\"gridContainer\"> <div  class=\"row middle-sm text-center\"><div  class=\"col-sm-5 space-bottom-xs content-column content-right-sm\" data-type=\"column\"> <h5  class=\"\">Se joga no Logicando!<\/h5> <h2  class=\"\">Participe do projeto<\/h2> <p  class=\"\">Quer se tornar um(a) volunt\u00e1rio(a) do projeto? Oba, vamos nessa! Clica nesse bot\u00e3o ai em baixo e preenche o formul\u00e1rio se voluntariando.\n<br ><br >Se tiver alguma d\u00favida, j\u00e1 sabe: logicando@feevale.br<\/p> <a class=\"button color1\" href=\"https:\/\/forms.office.com\/r\/gcCqPKTmyN\" target=\"_blank\" data-cp-link=\"1\" rel=\"noopener noreferrer\">Se joga no Logicando!<\/a><\/div> <div  class=\"col-sm-7 flexbox flexbox middle-xs center-xs space-bottom-xs\"><div  class=\"overlay-box flexbox middle-xs center-xs overlay-holder \"> <div  class=\"overlay-box-offset offset-background shadow-medium bg-color2 hide-xs\"><\/div> <img  class=\"flexbox shadow-large img1\" src=\"https:\/\/projetos.feevale.br\/logicando\/wp-content\/uploads\/2020\/08\/logicando-imagem-cabecalho.jpg\" data-size=\"600x400\" alt=\"\" title=\"logicando imagem cabe\u00e7alho\"><\/div> <\/div><\/div> <\/div><\/div>","protected":false},"excerpt":{"rendered":"<p>EDUCACIONAL Ensinando ferramentas de TI \u00e0 comunidade escolar para que possam construir e utilizar a tecnologia como ferramenta de ensino e aprendizagem. PROFISSIONAL Utilizando ferramentas de l\u00f3gica de programa\u00e7\u00e3o para o ensino e desenvolvimento de software para o uso profissional. SOCIAL Desenvolvendo atividades com crian\u00e7as, adultos e idosos que necessitam conhecer um pouco mais sobre&hellip; <br \/> <a class=\"read-more\" href=\"https:\/\/projetos.feevale.br\/logicando\/\">Leia mais<\/a><\/p>\n","protected":false},"author":2,"featured_media":0,"parent":0,"menu_order":0,"comment_status":"closed","ping_status":"closed","template":"page-templates\/homepage.php","meta":[],"_links":{"self":[{"href":"https:\/\/projetos.feevale.br\/logicando\/index.php\/wp-json\/wp\/v2\/pages\/114"}],"collection":[{"href":"https:\/\/projetos.feevale.br\/logicando\/index.php\/wp-json\/wp\/v2\/pages"}],"about":[{"href":"https:\/\/projetos.feevale.br\/logicando\/index.php\/wp-json\/wp\/v2\/types\/page"}],"author":[{"embeddable":true,"href":"https:\/\/projetos.feevale.br\/logicando\/index.php\/wp-json\/wp\/v2\/users\/2"}],"replies":[{"embeddable":true,"href":"https:\/\/projetos.feevale.br\/logicando\/index.php\/wp-json\/wp\/v2\/comments?post=114"}],"version-history":[{"count":46,"href":"https:\/\/projetos.feevale.br\/logicando\/index.php\/wp-json\/wp\/v2\/pages\/114\/revisions"}],"predecessor-version":[{"id":617,"href":"https:\/\/projetos.feevale.br\/logicando\/index.php\/wp-json\/wp\/v2\/pages\/114\/revisions\/617"}],"wp:attachment":[{"href":"https:\/\/projetos.feevale.br\/logicando\/index.php\/wp-json\/wp\/v2\/media?parent=114"}],"curies":[{"name":"wp","href":"https:\/\/api.w.org\/{rel}","templated":true}]}}